{"id":246,"date":"2022-02-16T10:33:07","date_gmt":"2022-02-16T10:33:07","guid":{"rendered":"http:\/\/www.audixbitee.com\/?page_id=246"},"modified":"2023-03-20T08:58:09","modified_gmt":"2023-03-20T08:58:09","slug":"haydent","status":"publish","type":"page","link":"https:\/\/www.audixbitee.com\/index.php\/haydent\/","title":{"rendered":"HAYDENT"},"content":{"rendered":"\n<h1>VENTILADORES<\/h1>\n\n\n\n<figure class=\"wp-container-2 wp-block-gallery-1 wp-block-gallery has-nested-images columns-1\">\n<figure class=\"wp-block-image size-large\"><a href=\"https:\/\/www.audixbitee.com\/wp-content\/uploads\/2022\/12\/01.jpg\"><img loading=\"lazy\" width=\"1200\" height=\"840\" data-id=\"406\"  src=\"https:\/\/www.audixbitee.com\/wp-content\/uploads\/2022\/12\/01.jpg\" alt=\"\" class=\"wp-image-406\" srcset=\"https:\/\/www.audixbitee.com\/wp-content\/uploads\/2022\/12\/01.jpg 1200w, https:\/\/www.audixbitee.com\/wp-content\/uploads\/2022\/12\/01-300x210.jpg 300w, https:\/\/www.audixbitee.com\/wp-content\/uploads\/2022\/12\/01-1024x717.jpg 1024w, https:\/\/www.audixbitee.com\/wp-content\/uploads\/2022\/12\/01-768x538.jpg 768w, https:\/\/www.audixbitee.com\/wp-content\/uploads\/2022\/12\/01-350x245.jpg 350w\" sizes=\"(max-width: 767px) 89vw, (max-width: 1000px) 54vw, (max-width: 1071px) 543px, 580px\" \/><\/a><\/figure>\n\n\n\n<figure class=\"wp-block-image size-large\"><img loading=\"lazy\" width=\"1200\" height=\"840\" data-id=\"407\"  src=\"https:\/\/www.audixbitee.com\/wp-content\/uploads\/2022\/12\/02.jpg\" alt=\"\" class=\"wp-image-407\" srcset=\"https:\/\/www.audixbitee.com\/wp-content\/uploads\/2022\/12\/02.jpg 1200w, https:\/\/www.audixbitee.com\/wp-content\/uploads\/2022\/12\/02-300x210.jpg 300w, https:\/\/www.audixbitee.com\/wp-content\/uploads\/2022\/12\/02-1024x717.jpg 1024w, https:\/\/www.audixbitee.com\/wp-content\/uploads\/2022\/12\/02-768x538.jpg 768w, https:\/\/www.audixbitee.com\/wp-content\/uploads\/2022\/12\/02-350x245.jpg 350w\" sizes=\"(max-width: 767px) 89vw, (max-width: 1000px) 54vw, (max-width: 1071px) 543px, 580px\" \/><\/figure>\n\n\n\n<figure class=\"wp-block-image size-large\"><img loading=\"lazy\" width=\"1200\" height=\"840\" data-id=\"408\"  src=\"https:\/\/www.audixbitee.com\/wp-content\/uploads\/2022\/12\/03.jpg\" alt=\"\" class=\"wp-image-408\" srcset=\"https:\/\/www.audixbitee.com\/wp-content\/uploads\/2022\/12\/03.jpg 1200w, https:\/\/www.audixbitee.com\/wp-content\/uploads\/2022\/12\/03-300x210.jpg 300w, https:\/\/www.audixbitee.com\/wp-content\/uploads\/2022\/12\/03-1024x717.jpg 1024w, https:\/\/www.audixbitee.com\/wp-content\/uploads\/2022\/12\/03-768x538.jpg 768w, https:\/\/www.audixbitee.com\/wp-content\/uploads\/2022\/12\/03-350x245.jpg 350w\" sizes=\"(max-width: 767px) 89vw, (max-width: 1000px) 54vw, (max-width: 1071px) 543px, 580px\" \/><\/figure>\n\n\n\n<figure class=\"wp-block-image size-large\"><img loading=\"lazy\" width=\"1200\" height=\"840\" data-id=\"409\"  src=\"https:\/\/www.audixbitee.com\/wp-content\/uploads\/2022\/12\/04.jpg\" alt=\"\" class=\"wp-image-409\" srcset=\"https:\/\/www.audixbitee.com\/wp-content\/uploads\/2022\/12\/04.jpg 1200w, https:\/\/www.audixbitee.com\/wp-content\/uploads\/2022\/12\/04-300x210.jpg 300w, https:\/\/www.audixbitee.com\/wp-content\/uploads\/2022\/12\/04-1024x717.jpg 1024w, https:\/\/www.audixbitee.com\/wp-content\/uploads\/2022\/12\/04-768x538.jpg 768w, https:\/\/www.audixbitee.com\/wp-content\/uploads\/2022\/12\/04-350x245.jpg 350w\" sizes=\"(max-width: 767px) 89vw, (max-width: 1000px) 54vw, (max-width: 1071px) 543px, 580px\" \/><\/figure>\n\n\n\n<figure class=\"wp-block-image size-large\"><img loading=\"lazy\" width=\"1200\" height=\"840\" data-id=\"410\"  src=\"https:\/\/www.audixbitee.com\/wp-content\/uploads\/2022\/12\/05.jpg\" alt=\"\" class=\"wp-image-410\" srcset=\"https:\/\/www.audixbitee.com\/wp-content\/uploads\/2022\/12\/05.jpg 1200w, https:\/\/www.audixbitee.com\/wp-content\/uploads\/2022\/12\/05-300x210.jpg 300w, https:\/\/www.audixbitee.com\/wp-content\/uploads\/2022\/12\/05-1024x717.jpg 1024w, https:\/\/www.audixbitee.com\/wp-content\/uploads\/2022\/12\/05-768x538.jpg 768w, https:\/\/www.audixbitee.com\/wp-content\/uploads\/2022\/12\/05-350x245.jpg 350w\" sizes=\"(max-width: 767px) 89vw, (max-width: 1000px) 54vw, (max-width: 1071px) 543px, 580px\" \/><\/figure>\n<\/figure>\n\n\n\n<h1>CALENTADORES<\/h1>\n\n\n\n<figure class=\"wp-container-4 wp-block-gallery-3 wp-block-gallery has-nested-images columns-1 is-cropped\">\n<figure class=\"wp-block-image\"><img loading=\"lazy\" width=\"1024\" height=\"772\" data-id=\"283\"  src=\"https:\/\/www.audixbitee.com\/wp-content\/uploads\/2022\/03\/01-1024x772.jpg\" alt=\"\" class=\"wp-image-283\" srcset=\"https:\/\/www.audixbitee.com\/wp-content\/uploads\/2022\/03\/01-1024x772.jpg 1024w, https:\/\/www.audixbitee.com\/wp-content\/uploads\/2022\/03\/01-350x264.jpg 350w, https:\/\/www.audixbitee.com\/wp-content\/uploads\/2022\/03\/01-300x226.jpg 300w, https:\/\/www.audixbitee.com\/wp-content\/uploads\/2022\/03\/01-768x579.jpg 768w, https:\/\/www.audixbitee.com\/wp-content\/uploads\/2022\/03\/01.jpg 1260w\" sizes=\"(max-width: 767px) 89vw, (max-width: 1000px) 54vw, (max-width: 1071px) 543px, 580px\" \/><\/figure>\n\n\n\n<figure class=\"wp-block-image\"><img loading=\"lazy\" width=\"1024\" height=\"772\" data-id=\"290\"  src=\"https:\/\/www.audixbitee.com\/wp-content\/uploads\/2022\/03\/05-1024x772.jpg\" alt=\"\" class=\"wp-image-290\" srcset=\"https:\/\/www.audixbitee.com\/wp-content\/uploads\/2022\/03\/05-1024x772.jpg 1024w, https:\/\/www.audixbitee.com\/wp-content\/uploads\/2022\/03\/05-350x264.jpg 350w, https:\/\/www.audixbitee.com\/wp-content\/uploads\/2022\/03\/05-300x226.jpg 300w, https:\/\/www.audixbitee.com\/wp-content\/uploads\/2022\/03\/05-768x579.jpg 768w, https:\/\/www.audixbitee.com\/wp-content\/uploads\/2022\/03\/05.jpg 1260w\" sizes=\"(max-width: 767px) 89vw, (max-width: 1000px) 54vw, (max-width: 1071px) 543px, 580px\" \/><\/figure>\n\n\n\n<figure class=\"wp-block-image\"><img loading=\"lazy\" width=\"1024\" height=\"772\" data-id=\"288\"  src=\"https:\/\/www.audixbitee.com\/wp-content\/uploads\/2022\/03\/03-1024x772.jpg\" alt=\"\" class=\"wp-image-288\" srcset=\"https:\/\/www.audixbitee.com\/wp-content\/uploads\/2022\/03\/03-1024x772.jpg 1024w, https:\/\/www.audixbitee.com\/wp-content\/uploads\/2022\/03\/03-350x264.jpg 350w, https:\/\/www.audixbitee.com\/wp-content\/uploads\/2022\/03\/03-300x226.jpg 300w, https:\/\/www.audixbitee.com\/wp-content\/uploads\/2022\/03\/03-768x579.jpg 768w, https:\/\/www.audixbitee.com\/wp-content\/uploads\/2022\/03\/03.jpg 1260w\" sizes=\"(max-width: 767px) 89vw, (max-width: 1000px) 54vw, (max-width: 1071px) 543px, 580px\" \/><\/figure>\n\n\n\n<figure class=\"wp-block-image\"><img loading=\"lazy\" width=\"1024\" height=\"772\" data-id=\"287\"  src=\"https:\/\/www.audixbitee.com\/wp-content\/uploads\/2022\/03\/02-1-1024x772.jpg\" alt=\"\" class=\"wp-image-287\" srcset=\"https:\/\/www.audixbitee.com\/wp-content\/uploads\/2022\/03\/02-1-1024x772.jpg 1024w, https:\/\/www.audixbitee.com\/wp-content\/uploads\/2022\/03\/02-1-350x264.jpg 350w, https:\/\/www.audixbitee.com\/wp-content\/uploads\/2022\/03\/02-1-300x226.jpg 300w, https:\/\/www.audixbitee.com\/wp-content\/uploads\/2022\/03\/02-1-768x579.jpg 768w, https:\/\/www.audixbitee.com\/wp-content\/uploads\/2022\/03\/02-1.jpg 1260w\" sizes=\"(max-width: 767px) 89vw, (max-width: 1000px) 54vw, (max-width: 1071px) 543px, 580px\" \/><\/figure>\n\n\n\n<figure class=\"wp-block-image\"><img loading=\"lazy\" width=\"1024\" height=\"772\" data-id=\"289\"  src=\"https:\/\/www.audixbitee.com\/wp-content\/uploads\/2022\/03\/04-1024x772.jpg\" alt=\"\" class=\"wp-image-289\" srcset=\"https:\/\/www.audixbitee.com\/wp-content\/uploads\/2022\/03\/04-1024x772.jpg 1024w, https:\/\/www.audixbitee.com\/wp-content\/uploads\/2022\/03\/04-350x264.jpg 350w, https:\/\/www.audixbitee.com\/wp-content\/uploads\/2022\/03\/04-300x226.jpg 300w, https:\/\/www.audixbitee.com\/wp-content\/uploads\/2022\/03\/04-768x579.jpg 768w, https:\/\/www.audixbitee.com\/wp-content\/uploads\/2022\/03\/04.jpg 1260w\" sizes=\"(max-width: 767px) 89vw, (max-width: 1000px) 54vw, (max-width: 1071px) 543px, 580px\" \/><\/figure>\n<\/figure>\n\n\n\n<figure class=\"wp-block-image size-large\"><img loading=\"lazy\" width=\"1024\" height=\"772\" src=\"https:\/\/www.audixbitee.com\/wp-content\/uploads\/2023\/03\/19-1024x772.jpg\" alt=\"\" class=\"wp-image-428\" srcset=\"https:\/\/www.audixbitee.com\/wp-content\/uploads\/2023\/03\/19-1024x772.jpg 1024w, https:\/\/www.audixbitee.com\/wp-content\/uploads\/2023\/03\/19-300x226.jpg 300w, https:\/\/www.audixbitee.com\/wp-content\/uploads\/2023\/03\/19-768x579.jpg 768w, https:\/\/www.audixbitee.com\/wp-content\/uploads\/2023\/03\/19-350x264.jpg 350w, https:\/\/www.audixbitee.com\/wp-content\/uploads\/2023\/03\/19.jpg 1260w\" sizes=\"(max-width: 767px) 89vw, (max-width: 1000px) 54vw, (max-width: 1071px) 543px, 580px\" \/><\/figure>\n\n\n\n<h1>ELECTR\u00d3NICA<\/h1>\n\n\n\n<figure class=\"wp-block-image\"><img loading=\"lazy\" width=\"1024\" height=\"772\" src=\"https:\/\/www.audixbitee.com\/wp-content\/uploads\/2022\/03\/12-1024x772.jpg\" alt=\"\" class=\"wp-image-297\" srcset=\"https:\/\/www.audixbitee.com\/wp-content\/uploads\/2022\/03\/12-1024x772.jpg 1024w, https:\/\/www.audixbitee.com\/wp-content\/uploads\/2022\/03\/12-350x264.jpg 350w, https:\/\/www.audixbitee.com\/wp-content\/uploads\/2022\/03\/12-300x226.jpg 300w, https:\/\/www.audixbitee.com\/wp-content\/uploads\/2022\/03\/12-768x579.jpg 768w, https:\/\/www.audixbitee.com\/wp-content\/uploads\/2022\/03\/12.jpg 1260w\" sizes=\"(max-width: 767px) 89vw, (max-width: 1000px) 54vw, (max-width: 1071px) 543px, 580px\" \/><\/figure>\n\n\n\n<figure class=\"wp-block-image\"><img loading=\"lazy\" width=\"1024\" height=\"772\" src=\"https:\/\/www.audixbitee.com\/wp-content\/uploads\/2022\/03\/13-1024x772.jpg\" alt=\"\" class=\"wp-image-298\" srcset=\"https:\/\/www.audixbitee.com\/wp-content\/uploads\/2022\/03\/13-1024x772.jpg 1024w, https:\/\/www.audixbitee.com\/wp-content\/uploads\/2022\/03\/13-350x264.jpg 350w, https:\/\/www.audixbitee.com\/wp-content\/uploads\/2022\/03\/13-300x226.jpg 300w, https:\/\/www.audixbitee.com\/wp-content\/uploads\/2022\/03\/13-768x579.jpg 768w, https:\/\/www.audixbitee.com\/wp-content\/uploads\/2022\/03\/13.jpg 1260w\" sizes=\"(max-width: 767px) 89vw, (max-width: 1000px) 54vw, (max-width: 1071px) 543px, 580px\" \/><\/figure>\n\n\n\n<figure class=\"wp-block-image\"><img loading=\"lazy\" width=\"1024\" height=\"772\" src=\"https:\/\/www.audixbitee.com\/wp-content\/uploads\/2022\/03\/14-1024x772.jpg\" alt=\"\" class=\"wp-image-299\" srcset=\"https:\/\/www.audixbitee.com\/wp-content\/uploads\/2022\/03\/14-1024x772.jpg 1024w, https:\/\/www.audixbitee.com\/wp-content\/uploads\/2022\/03\/14-350x264.jpg 350w, https:\/\/www.audixbitee.com\/wp-content\/uploads\/2022\/03\/14-300x226.jpg 300w, https:\/\/www.audixbitee.com\/wp-content\/uploads\/2022\/03\/14-768x579.jpg 768w, https:\/\/www.audixbitee.com\/wp-content\/uploads\/2022\/03\/14.jpg 1260w\" sizes=\"(max-width: 767px) 89vw, (max-width: 1000px) 54vw, (max-width: 1071px) 543px, 580px\" \/><\/figure>\n\n\n\n<figure class=\"wp-block-image\"><img loading=\"lazy\" width=\"1024\" height=\"772\" src=\"https:\/\/www.audixbitee.com\/wp-content\/uploads\/2022\/03\/16-1024x772.jpg\" alt=\"\" class=\"wp-image-301\" srcset=\"https:\/\/www.audixbitee.com\/wp-content\/uploads\/2022\/03\/16-1024x772.jpg 1024w, https:\/\/www.audixbitee.com\/wp-content\/uploads\/2022\/03\/16-350x264.jpg 350w, https:\/\/www.audixbitee.com\/wp-content\/uploads\/2022\/03\/16-300x226.jpg 300w, https:\/\/www.audixbitee.com\/wp-content\/uploads\/2022\/03\/16-768x579.jpg 768w, https:\/\/www.audixbitee.com\/wp-content\/uploads\/2022\/03\/16.jpg 1260w\" sizes=\"(max-width: 767px) 89vw, (max-width: 1000px) 54vw, (max-width: 1071px) 543px, 580px\" \/><\/figure>\n\n\n\n<figure class=\"wp-block-image\"><img loading=\"lazy\" width=\"1024\" height=\"772\" src=\"https:\/\/www.audixbitee.com\/wp-content\/uploads\/2022\/03\/15-1024x772.jpg\" alt=\"\" class=\"wp-image-300\" srcset=\"https:\/\/www.audixbitee.com\/wp-content\/uploads\/2022\/03\/15-1024x772.jpg 1024w, https:\/\/www.audixbitee.com\/wp-content\/uploads\/2022\/03\/15-350x264.jpg 350w, https:\/\/www.audixbitee.com\/wp-content\/uploads\/2022\/03\/15-300x226.jpg 300w, https:\/\/www.audixbitee.com\/wp-content\/uploads\/2022\/03\/15-768x579.jpg 768w, https:\/\/www.audixbitee.com\/wp-content\/uploads\/2022\/03\/15.jpg 1260w\" sizes=\"(max-width: 767px) 89vw, (max-width: 1000px) 54vw, (max-width: 1071px) 543px, 580px\" \/><\/figure>\n\n\n\n<figure class=\"wp-block-image\"><img loading=\"lazy\" width=\"1024\" height=\"772\" src=\"https:\/\/www.audixbitee.com\/wp-content\/uploads\/2022\/03\/17-1024x772.jpg\" alt=\"\" class=\"wp-image-302\" srcset=\"https:\/\/www.audixbitee.com\/wp-content\/uploads\/2022\/03\/17-1024x772.jpg 1024w, https:\/\/www.audixbitee.com\/wp-content\/uploads\/2022\/03\/17-350x264.jpg 350w, https:\/\/www.audixbitee.com\/wp-content\/uploads\/2022\/03\/17-300x226.jpg 300w, https:\/\/www.audixbitee.com\/wp-content\/uploads\/2022\/03\/17-768x579.jpg 768w, https:\/\/www.audixbitee.com\/wp-content\/uploads\/2022\/03\/17.jpg 1260w\" sizes=\"(max-width: 767px) 89vw, (max-width: 1000px) 54vw, (max-width: 1071px) 543px, 580px\" \/><\/figure>\n\n\n\n<figure class=\"wp-block-image\"><img loading=\"lazy\" width=\"1024\" height=\"715\" src=\"https:\/\/www.audixbitee.com\/wp-content\/uploads\/2022\/03\/18-1024x715.jpg\" alt=\"\" class=\"wp-image-303\" srcset=\"https:\/\/www.audixbitee.com\/wp-content\/uploads\/2022\/03\/18-1024x715.jpg 1024w, https:\/\/www.audixbitee.com\/wp-content\/uploads\/2022\/03\/18-350x244.jpg 350w, https:\/\/www.audixbitee.com\/wp-content\/uploads\/2022\/03\/18-300x209.jpg 300w, https:\/\/www.audixbitee.com\/wp-content\/uploads\/2022\/03\/18-768x536.jpg 768w, https:\/\/www.audixbitee.com\/wp-content\/uploads\/2022\/03\/18.jpg 1361w\" sizes=\"(max-width: 767px) 89vw, (max-width: 1000px) 54vw, (max-width: 1071px) 543px, 580px\" \/><\/figure>\n\n\n\n<h1>PEQUE\u00d1O ELECTRODOM\u00c9STICO<\/h1>\n\n\n\n<figure class=\"wp-block-image\"><img loading=\"lazy\" width=\"1024\" height=\"772\" src=\"https:\/\/www.audixbitee.com\/wp-content\/uploads\/2022\/03\/11-1024x772.jpg\" alt=\"\" class=\"wp-image-296\" srcset=\"https:\/\/www.audixbitee.com\/wp-content\/uploads\/2022\/03\/11-1024x772.jpg 1024w, https:\/\/www.audixbitee.com\/wp-content\/uploads\/2022\/03\/11-350x264.jpg 350w, https:\/\/www.audixbitee.com\/wp-content\/uploads\/2022\/03\/11-300x226.jpg 300w, https:\/\/www.audixbitee.com\/wp-content\/uploads\/2022\/03\/11-768x579.jpg 768w, https:\/\/www.audixbitee.com\/wp-content\/uploads\/2022\/03\/11.jpg 1260w\" sizes=\"(max-width: 767px) 89vw, (max-width: 1000px) 54vw, (max-width: 1071px) 543px, 580px\" \/><\/figure>\n\n\n\n<figure class=\"wp-block-image\"><img loading=\"lazy\" width=\"1024\" height=\"772\" src=\"https:\/\/www.audixbitee.com\/wp-content\/uploads\/2022\/03\/06-1024x772.jpg\" alt=\"\" class=\"wp-image-291\"\/><\/figure>\n\n\n\n<figure class=\"wp-block-image\"><img loading=\"lazy\" width=\"1024\" height=\"772\" src=\"https:\/\/www.audixbitee.com\/wp-content\/uploads\/2022\/03\/10-1024x772.jpg\" alt=\"\" class=\"wp-image-295\" srcset=\"https:\/\/www.audixbitee.com\/wp-content\/uploads\/2022\/03\/10-1024x772.jpg 1024w, https:\/\/www.audixbitee.com\/wp-content\/uploads\/2022\/03\/10-350x264.jpg 350w, https:\/\/www.audixbitee.com\/wp-content\/uploads\/2022\/03\/10-300x226.jpg 300w, https:\/\/www.audixbitee.com\/wp-content\/uploads\/2022\/03\/10-768x579.jpg 768w, https:\/\/www.audixbitee.com\/wp-content\/uploads\/2022\/03\/10.jpg 1260w\" sizes=\"(max-width: 767px) 89vw, (max-width: 1000px) 54vw, (max-width: 1071px) 543px, 580px\" \/><\/figure>\n\n\n\n<figure class=\"wp-block-image\"><img loading=\"lazy\" width=\"1024\" height=\"772\" src=\"https:\/\/www.audixbitee.com\/wp-content\/uploads\/2022\/03\/09-1024x772.jpg\" alt=\"\" class=\"wp-image-294\" srcset=\"https:\/\/www.audixbitee.com\/wp-content\/uploads\/2022\/03\/09-1024x772.jpg 1024w, https:\/\/www.audixbitee.com\/wp-content\/uploads\/2022\/03\/09-350x264.jpg 350w, https:\/\/www.audixbitee.com\/wp-content\/uploads\/2022\/03\/09-300x226.jpg 300w, https:\/\/www.audixbitee.com\/wp-content\/uploads\/2022\/03\/09-768x579.jpg 768w, https:\/\/www.audixbitee.com\/wp-content\/uploads\/2022\/03\/09.jpg 1260w\" sizes=\"(max-width: 767px) 89vw, (max-width: 1000px) 54vw, (max-width: 1071px) 543px, 580px\" \/><\/figure>\n\n\n\n<figure class=\"wp-block-image\"><img loading=\"lazy\" width=\"1024\" height=\"772\" src=\"https:\/\/www.audixbitee.com\/wp-content\/uploads\/2022\/03\/07-1024x772.jpg\" alt=\"\" class=\"wp-image-292\" srcset=\"https:\/\/www.audixbitee.com\/wp-content\/uploads\/2022\/03\/07-1024x772.jpg 1024w, https:\/\/www.audixbitee.com\/wp-content\/uploads\/2022\/03\/07-350x264.jpg 350w, https:\/\/www.audixbitee.com\/wp-content\/uploads\/2022\/03\/07-300x226.jpg 300w, https:\/\/www.audixbitee.com\/wp-content\/uploads\/2022\/03\/07-768x579.jpg 768w, https:\/\/www.audixbitee.com\/wp-content\/uploads\/2022\/03\/07.jpg 1260w\" sizes=\"(max-width: 767px) 89vw, (max-width: 1000px) 54vw, (max-width: 1071px) 543px, 580px\" \/><\/figure>\n\n\n\n<figure class=\"wp-block-image\"><img loading=\"lazy\" width=\"1024\" height=\"772\" src=\"https:\/\/www.audixbitee.com\/wp-content\/uploads\/2022\/03\/08-1024x772.jpg\" alt=\"\" class=\"wp-image-293\" srcset=\"https:\/\/www.audixbitee.com\/wp-content\/uploads\/2022\/03\/08-1024x772.jpg 1024w, https:\/\/www.audixbitee.com\/wp-content\/uploads\/2022\/03\/08-350x264.jpg 350w, https:\/\/www.audixbitee.com\/wp-content\/uploads\/2022\/03\/08-300x226.jpg 300w, https:\/\/www.audixbitee.com\/wp-content\/uploads\/2022\/03\/08-768x579.jpg 768w, https:\/\/www.audixbitee.com\/wp-content\/uploads\/2022\/03\/08.jpg 1260w\" sizes=\"(max-width: 767px) 89vw, (max-width: 1000px) 54vw, (max-width: 1071px) 543px, 580px\" \/><\/figure>\n","protected":false},"excerpt":{"rendered":"<p>VENTILADORES CALENTADORES ELECTR\u00d3NICA PEQUE\u00d1O ELECTRODOM\u00c9STICO<\/p>\n","protected":false},"author":1,"featured_media":0,"parent":0,"menu_order":0,"comment_status":"closed","ping_status":"closed","template":"","meta":{"spay_email":""},"_links":{"self":[{"href":"https:\/\/www.audixbitee.com\/index.php\/wp-json\/wp\/v2\/pages\/246"}],"collection":[{"href":"https:\/\/www.audixbitee.com\/index.php\/wp-json\/wp\/v2\/pages"}],"about":[{"href":"https:\/\/www.audixbitee.com\/index.php\/wp-json\/wp\/v2\/types\/page"}],"author":[{"embeddable":true,"href":"https:\/\/www.audixbitee.com\/index.php\/wp-json\/wp\/v2\/users\/1"}],"replies":[{"embeddable":true,"href":"https:\/\/www.audixbitee.com\/index.php\/wp-json\/wp\/v2\/comments?post=246"}],"version-history":[{"count":13,"href":"https:\/\/www.audixbitee.com\/index.php\/wp-json\/wp\/v2\/pages\/246\/revisions"}],"predecessor-version":[{"id":430,"href":"https:\/\/www.audixbitee.com\/index.php\/wp-json\/wp\/v2\/pages\/246\/revisions\/430"}],"wp:attachment":[{"href":"https:\/\/www.audixbitee.com\/index.php\/wp-json\/wp\/v2\/media?parent=246"}],"curies":[{"name":"wp","href":"https:\/\/api.w.org\/{rel}","templated":true}]}}